 789?
78d
In base 14, what is 9d8 + 4?
9dc
In base 10, what is -103 + -48?
-151
In base 6, what is -5 - 4005?
-4014
In base 11, what is 8 - 4?
4
In base 12, what is a - 592?
-584
In base 5, what is 2 - 144?
-142
In base 7, what is -102 + -1?
-103
In base 6, what is 544 + -13?
531
In base 10, what is -119 - -3?
-116
In base 10, what is 1 + 57?
58
In base 9, what is -37 - 15?
-53
In base 12, what is -73 + -25?
-98
In base 15, what is 3 - -4e5?
4e8
In base 16, what is -1f - -78?
59
In base 2, what is 10 + 11000?
11010
In base 14, what is -15b + 4?
-157
In base 15, what is -4 + 783?
77e
In base 5, what is -203 + 12?
-141
In base 14, what is 1114 - 0?
1114
In base 10, what is -1056 - -1?
-1055
In base 9, what is 2 - -84?
86
In base 9, what is -4 + 576?
572
In base 15, what is 0 - c?
-c
In base 2, what is 10000011 - -1?
10000100
In base 10, what is -3 - -4148?
4145
In base 2, what is -1111100101111 - 100?
-1111100110011
In base 7, what is 514 + 6?
523
In base 7, what is -4 + 61?
54
In base 9, what is 4 + 8?
13
In base 15, what is 1e8 + -6?
1e2
In base 9, what is -143 - 101?
-244
In base 5, what is 23 - -114?
142
In base 9, what is 431 + -5?
425
In base 12, what is 1 + -26?
-25
In base 11, what is -6a - -5?
-65
In base 16, what is -12 + -3c?
-4e
In base 2, what is 1001110 - -101?
1010011
In base 11, what is -97 - -4?
-93
In base 2, what is -11000011 - 100?
-11000111
In base 13, what is 42 + -36?
9
In base 7, what is 521 + -60?
431
In base 7, what is 133 - 12?
121
In base 9, what is -1715 - 3?
-1718
In base 2, what is -100 + -10011110?
-10100010
In base 12, what is -3 - -14a?
147
In base 2, what is 100 + 111110?
1000010
In base 3, what is 101201 - 11?
101120
In base 7, what is 3006 + -3?
3003
In base 7, what is 201 + 11?
212
In base 16, what is e1 - -4?
e5
In base 12, what is -3 - 148?
-14b
In base 5, what is 2102 + 1?
2103
In base 7, what is 5 + 23?
31
In base 5, what is 2332 + -3?
2324
In base 16, what is -1fa + 0?
-1fa
In base 6, what is 252 + 2?
254
In base 4, what is -2 - -1132?
1130
In base 5, what is -2 - -142?
140
In base 8, what is -2 - -10?
6
In base 5, what is -120442 - -4?
-120433
In base 2, what is 1010111001 + -10?
1010110111
In base 7, what is 46366 + 5?
46404
In base 2, what is -111101 - 0?
-111101
In base 2, what is 10 + 110101001?
110101011
In base 14, what is 36 - 7?
2d
In base 16, what is -3 - -2?
-1
In base 10, what is -19 - 17?
-36
In base 5, what is 10 - 1344?
-1334
In base 15, what is -6b - -6?
-65
In base 16, what is -5 + -1da?
-1df
In base 4, what is 103031 + 1?
103032
In base 2, what is 100 + -1011111110?
-1011111010
In base 4, what is 33 - -1033?
1132
In base 8, what is -674 - 2?
-676
In base 14, what is -9a + a?
-90
In base 3, what is 10210 - 12?
10121
In base 16, what is f + -ec?
-dd
In base 11, what is -25 + -932?
-957
In base 8, what is 223 - -2?
225
In base 14, what is -196 - -5?
-191
In base 3, what is 1 + 2011?
2012
In base 6, what is 1153 + -12?
1141
In base 6, what is -4 - -2021?
2013
In base 12, what is 233 + -5?
22a
In base 9, what is 743 + 3?
746
In base 6, what is -5022 - 1?
-5023
In base 12, what is -128 - 1?
-129
In base 3, what is 11 + -11?
0
In base 10, what is 3 - -11?
14
In base 5, what is 21 - -12?
33
In base 5, what is -3 + -3?
-11
In base 4, what is -1 - -112?
111
In base 6, what is 0 + 45?
45
In base 7, what is -563 - -5?
-555
In base 12, what is -22 - 34?
-56
In base 2, what is -1100100011 + 101?
-1100011110
In base 13, what is 0 - b?
-b
In base 6, what is 53340 - 5?
53331
In base 9, what is 552 + -1?
551
In base 14, what is -3 - 7c?
-81
In base 6, what is -3 - 45?
-52
In base 9, what is -3 + -617?
-621
In base 5, what is 10 + 301?
311
In base 4, what is -1 + 203?
202
In base 6, what is -5030 - -2?
-5024
In base 4, what is -333 + -103?
-1102
In base 2, what is 11001001000111 + 11?
11001001001010
In base 7, what is -1 + -1521?
-1522
In base 14, what is -153 + a?
-147
In base 9, what is -6 - -8?
2
In base 16, what is d - 7a?
-6d
In base 14, what is 4 + -92?
-8c
In base 4, what is -11003200 + -3?
-11003203
In base 13, what is c + -10?
-1
In base 5, what is 1 - -1101?
1102
In base 15, what is 11 + c9?
da
In base 14, what is -8051 - 5?
-8056
In base 5, what is 2020 - 10?
2010
In base 9, what is 15 - 48?
-33
In base 3, what is -200012 + -12?
-200101
In base 13, what is -1b - 41?
-5c
In base 10, what is 21 - -19?
40
In base 2, what is 1001111000111 + -100?
1001111000011
In base 8, what is -21 + -140?
-161
In base 4, what is 12213 + 100?
12313
In base 8, what is 0 + 203?
203
In base 14, what is -3 + -47?
-4a
In base 7, what is 1 + 102?
103
In base 8, what is -3 - -71?
66
In base 9, what is -747 - 12?
-760
In base 7, what is -131 + 242?
111
In base 8, what is 2615 + -7?
2606
In base 5, what is 20 - -234?
304
In base 9, what is 2 + -106?
-104
In base 9, what is 53 - -15?
68
In base 7, what is 303 + -1?
302
In base 2, what is 100100010 - -11?
100100101
In base 3, what is 10 - -112?
122
In base 15, what is 3 + a?
d
In base 5, what is 4 - -4203?
4212
In base 9, what is 38 - 417?
-368
In base 9, what is -28 - 63?
-102
In base 10, what is -215 - 1?
-216
In base 15, what is 15d + -5?
158
In base 8, what is 3 - -342?
345
In base 9, what is 8 + -31?
-22
In base 7, what is -3 - -3304?
3301
In base 15, what is 4 - 9?
-5
In base 4, what is 0 - -3310?
3310
In base 15, what is 1 + 125?
126
In base 3, what is 11 - 2011?
-2000
In base 3, what is -1002 - -2210?
1201
In base 10, what is 3 + -4676?
-4673
In base 13, what is -6 - 544?
-54a
In base 16, what is e - -7?
15
In base 6, what is -12042 - 12?
-12054
In base 8, what is 5 + -16?
-11
In base 13, what is 35 + -30?
5
In base 6, what is 101 - -1434?
1535
In base 5, what is 40 - 32?
3
In base 5, what is 4 - 10?
-1
In base 5, what is -23101 + 10?
-23041
In base 13, what is 19 + 19?
35
In base 4, what is -11 - -331123?
331112
In base 4, what is -11023 - 3?
-11032
In base 6, what is 4 - -3353?
3401
In base 13, what is 5 + 478?
480
In base 13, what is 0 + 26?
26
In base 8, what is 42 - 0?
42
In base 13, what is 2 - 37?
-35
In base 4, what is -20 - -3212?
3132
In base 9, what is 1 - 2050?
-2048
In base 4, what is -2002021 - -3?
-2002012
In base 11, what is -aa + -a3?
-1a2
In base 8, what is -5 + -44?
-51
In base 15, what is 5d - 2?
5b
In base 2, what is 110001 + -1110001?
-1000000
In base 3, what is -211 - 102011?
-102222
In base 12, what is 0 + 4b0?
4b0
In base 13, what is -8b - -26?
-65
In base 2, what is -100010010 + -100?
-100010110
In base 5, what is -112 + -4344?
-10011
In base 7, what is 5 + -14152?
-14144
In base 15, what is -244 + -2?
-246
In base 9, what is -203 + 4?
-188
In base 8, what is -10340 + -1?
-10341
In base 16, what is -44 + -80?
-c4
In base 10, what is 2009 + -19?
1990
In base 5, what is -2 + -4?
-11
In base 3, what is 1022110 + -101?
1022002
In base 6, what is 14 - 21?
-3
In base 11, what is -1 + 682?
681
In base 13, what is -4b + 60?
12
In base 2, what is -10000 - -111000?
101000
In base 8, what is 1426 + -5?
1421
In base 2, what is 100 - -10111000?
10111100
In base 14, what is -1 - 24?
-25
In base 7, what is -402 - 0?
-402
In base 15, what is -5 + -25b?
-261
In base 16, what is -3d5 + -3?
-3d8
In base 8, what is 370 - -4?
374
In base 3, what is 10 - 1111?
-1101
In base 16, what is -1bc5 + 2?
-1bc3
In base 14, what is -3 + -6?
-9
In base 14, what is 12 - -41?
53
In base 16, what is 4e - 3?
4b
In base 7, what is 206 + -25?
151
In base 3, what is 22 + -200221?
-200122
In base 15, what is 3 - -678?
67b
In base 15, what is -6 - -70?
69
In base 12, what is -3 - 794?
-797
In base 3, what is -2020212 + -2?
-2020221
In base 3, what is -2100021 + -11?
-2100102
In base 6, what is 2430 + 1?
2431
In base 13, what is -77 - -11?
-66
In base 7, what is 5 + 120?
125
In base 2, what is 1110000 - -100?
1110100
In base 9, what is 2 + -116?
-114
In base 14, what is 51 + 41?
92
In base 15, what is 9 - -596?
5a0
In base 6, what is 1 + 20?
21
In base 11, what is 294 - 4?
290
In base 4, what is 21 - 330013?
-323332
In base 8, what is 1137 + -2?
1135
In base 7, what is -4 + -6664?
-10001
In base 10, what is -3288 - -1?
-3287
In base 6, what is 115 + 4?
123
In base 16, what is -51b + 4?
-517
In base 8, what is -6 + 1?
-5
In base 5, what is -4 - -103?
44
In base 3, what is 112022